re the prime factors of 839247?
3, 23, 12163
What are the prime factors of 985147?
547, 1801
List the prime factors of 5728833.
3, 11, 19289
What are the prime factors of 24004593?
3, 296353
What are the prime factors of 234775?
5, 9391
List the prime factors of 1181765.
5, 13, 18181
What are the prime factors of 529167?
3, 176389
List the prime factors of 662002.
2, 11, 30091
What are the prime factors of 1681876?
2, 7, 8581
List the prime factors of 1515512.
2, 189439
List the prime factors of 122158.
2, 103, 593
List the prime factors of 237965.
5, 7, 13, 523
What are the prime factors of 458595?
3, 5, 43, 79
What are the prime factors of 1165615?
5, 11, 21193
List the prime factors of 3456617.
3456617
What are the prime factors of 1909354?
2, 954677
What are the prime factors of 248092?
2, 13, 367
List the prime factors of 9655621.
9655621
What are the prime factors of 2141223?
3, 7, 101963
What are the prime factors of 262321?
262321
List the prime factors of 9811595.
5, 1962319
What are the prime factors of 7984046?
2, 7, 61, 9349
What are the prime factors of 252102?
2, 3, 42017
What are the prime factors of 416520?
2, 3, 5, 13, 89
List the prime factors of 15828498.
2, 3, 7, 269, 467
List the prime factors of 19548640.
2, 5, 17, 7187
What are the prime factors of 6299789?
31, 103, 1973
List the prime factors of 110135.
5, 22027
What are the prime factors of 2094038?
2, 47, 22277
What are the prime factors of 741896?
2, 92737
List the prime factors of 14754875.
5, 41, 2879
List the prime factors of 520451.
520451
List the prime factors of 1916421.
3, 13, 49139
List the prime factors of 785867.
719, 1093
What are the prime factors of 3999393?
3, 89, 4993
What are the prime factors of 15523?
19, 43
List the prime factors of 296182.
2, 148091
List the prime factors of 5054.
2, 7, 19
What are the prime factors of 10439489?
313, 33353
List the prime factors of 4486725.
3, 5, 17, 23
List the prime factors of 5444561.
31, 175631
List the prime factors of 22780.
2, 5, 17, 67
What are the prime factors of 520139?
113, 4603
List the prime factors of 418281.
3, 67, 2081
List the prime factors of 1862665.
5, 7, 19, 2801
What are the prime factors of 2192274?
2, 3, 7, 127, 137
What are the prime factors of 7380970?
2, 5, 79, 9343
What are the prime factors of 425440?
2, 5, 2659
What are the prime factors of 20790706?
2, 10395353
List the prime factors of 375740.
2, 5, 18787
List the prime factors of 3694102.
2, 1847051
What are the prime factors of 358653?
3, 119551
List the prime factors of 4195184.
2, 7, 5351
What are the prime factors of 2666760?
2, 3, 5, 71, 313
What are the prime factors of 4003631?
197, 20323
What are the prime factors of 1773504?
2, 3, 3079
What are the prime factors of 224516?
2, 37, 41
What are the prime factors of 5195450?
2, 5, 13, 7993
List the prime factors of 79259.
79259
List the prime factors of 568746.
2, 3, 19, 1663
List the prime factors of 695639.
7, 99377
What are the prime factors of 6749001?
3, 7, 11903
List the prime factors of 2346547.
7, 335221
What are the prime factors of 43936?
2, 1373
List the prime factors of 28209.
3, 9403
What are the prime factors of 580999?
283, 2053
List the prime factors of 1057560.
2, 3, 5, 7, 1259
What are the prime factors of 744959?
744959
What are the prime factors of 1482234?
2, 3, 13, 31, 613
List the prime factors of 3753254.
2, 1876627
What are the prime factors of 7326?
2, 3, 11, 37
What are the prime factors of 3841417?
1693, 2269
List the prime factors of 639478.
2, 7, 45677
What are the prime factors of 272203?
272203
What are the prime factors of 674736?
2, 3, 14057
What are the prime factors of 479312?
2, 29, 1033
List the prime factors of 29558542.
2, 13, 23, 49429
What are the prime factors of 1705596?
2, 3, 89, 1597
What are the prime factors of 5930569?
17, 20521
What are the prime factors of 41453703?
3, 4605967
What are the prime factors of 546766?
2, 11, 29, 857
What are the prime factors of 2013044?
2, 11, 45751
What are the prime factors of 546500?
2, 5, 1093
What are the prime factors of 131602?
2, 29, 2269
What are the prime factors of 304820?
2, 5, 15241
List the prime factors of 71737.
23, 3119
What are the prime factors of 1095888?
2, 3, 17, 79
List the prime factors of 388347.
3, 129449
What are the prime factors of 165423?
3, 67, 823
List the prime factors of 26618100.
2, 3, 5, 83, 1069
What are the prime factors of 357382?
2, 178691
List the prime factors of 23115214.
2, 11557607
What are the prime factors of 1274608?
2, 29, 41, 67
What are the prime factors of 103640?
2, 5, 2591
List the prime factors of 2262307.
61, 37087
What are the prime factors of 163919?
7, 23417
List the prime factors of 70242.
2, 3, 23, 509
What are the prime factors of 710543?
19, 37397
List the prime factors of 294160.
2, 5, 3677
What are the prime factors of 469941?
3, 383, 409
What are the prime factors of 3312444?
2, 3, 276037
List the prime factors of 138826.
2, 41, 1693
List the prime factors of 135398.
2, 67699
What are the prime factors of 1222920?
2, 3, 5, 43, 79
List the prime factors of 131365.
5, 13, 43, 47
What are the prime factors of 841372?
2, 7, 151, 199
What are the prime factors of 832211?
832211
What are the prime factors of 1964456?
2, 13, 1453
List the prime factors of 856001.
17, 43, 1171
What are the prime factors of 552911?
719, 769
What are the prime factors of 134471?
134471
List the prime factors of 280261.
47, 67, 89
What are the prime factors of 1316428?
2, 23, 41, 349
What are the prime factors of 487359?
3, 54151
What are the prime factors of 20770236?
2, 3, 192317
What are the prime factors of 893057?
11, 19, 4273
List the prime factors of 9042.
2, 3, 11, 137
List the prime factors of 3407075.
5, 7, 19469
List the prime factors of 2994404.
2, 7, 229, 467
What are the prime factors of 4310882?
2, 101, 21341
What are the prime factors of 7678672?
2, 47, 10211
What are the prime factors of 7525445?
5, 1505089
List the prime factors of 7353167.
53, 138739
List the prime factors of 1749486.
2, 3, 151, 1931
What are the prime factors of 350984?
2, 73, 601
List the prime factors of 12065416.
2, 11, 167, 821
List the prime factors of 2235139.
2235139
List the prime factors of 1031931.
3, 114659
What are the prime factors of 518593?
503, 1031
List the prime factors of 339056.
2, 21191
What are the prime factors of 735580?
2, 5, 36779
List the prime factors of 7589840.
2, 5, 94873
What are the prime factors of 851214?
2, 3, 7, 13, 1559
What are the prime factors of 1232368?
2, 77023
List the prime factors of 7680595.
5, 13, 118163
What are the prime factors of 15374175?
3, 5, 359, 571
List the prime factors of 332704.
2, 37, 281
What are the prime factors of 3144468?
2, 3, 23, 11393
List the prime factors of 133574.
2, 7, 29, 47
List the prime factors of 3067665.
3, 5, 204511
List the prime factors of 23709710.
2, 5, 97, 24443
List the prime factors of 3463542.
2, 3, 317, 607
What are the prime factors of 1080983?
1080983
What are the prime factors of 85447?
85447
What are the prime factors of 17902108?
2, 7, 639361
List the prime factors of 447299.
31, 47, 307
List the prime factors of 4082496.
2, 3, 11, 1933
List the prime factors of 2649532.
2, 157, 4219
List the prime factors of 11012243.
11, 17, 58889
What are the prime factors of 175532?
2, 7, 6269
List the prime factors of 9487853.
17, 558109
List the prime factors of 342843.
3, 114281
List the prime factors of 12573130.
2, 5, 1257313
What are the prime factors of 167684?
2, 11, 37, 103
List the prime factors of 1967168.
2, 7, 4391
What are the prime factors of 1955211?
3, 107, 6091
List the prime factors of 2008604.
2, 13, 19, 107
What are the prime factors of 26300672?
2, 71, 1447
List the prime factors of 8226976.
2, 257093
List the prime factors of 838839.
3, 279613
What are the prime factors of 128653?
7, 18379
What are the prime factors of 654507?
3, 7, 3463
What are the prime factors of 6045527?
23, 31, 61, 139
List the prime factors of 437156.
2, 293, 373
List the prime factors of 368842.
2, 223, 827
List the prime factors of 9096944.
2, 47, 12097
What are the prime factors of 31342?
2, 15671
List the prime factors of 257936.
2, 7, 47
List the prime factors of 7023083.
53, 132511